he prime factors of p(y).
71
Let l(k) = -k + 5. Let i be l(2). Suppose 8 + 0 = b + 4*q, 5*q + 7 = i*b. Let c(m) = 27*m - 19. What are the prime factors of c(b)?
89
Let q = -95 + 102. Suppose q*m - 31 - 4 = 0. Suppose -6*x + 183 = -m*x. List the prime factors of x.
3, 61
Let z be (-1946)/(-12) - (-1 + 14/12). Suppose -2*t + 5 + z = c, 0 = 4*c + 3*t - 683. Suppose 0*q - q = -c. What are the prime factors of q?
173
Let a(l) = -1782*l - 3164. What are the prime factors of a(-9)?
2, 41, 157
Suppose 2*v = 3*b - 14, 3*v - 2 = -4*b + 11. Let d be b - (-11)/((-22)/(-600)). Suppose 2*g = -3*j + d, -2*j - 2*j - 2*g = -402. List the prime factors of j.
2, 7
Suppose -5*p = -4 - 1, 3*p - 3618 = 3*b. Let u = b - -2503. What are the prime factors of u?
2, 11, 59
Let n(a) = -a**3 - 13*a**2 + a + 9. Let r be n(-13). Let u be (3 + 0)/(r - (-3 + -2)). Suppose 4*j - u*j = 78. List the prime factors of j.
2, 3, 13
Let f be 17287/9 + (-50)/(-225). Suppose -d + 783 = x, -5*x + f = 2*d - 1991. What are the prime factors of x?
2, 17, 23
Let l(k) = 26*k**2 + k + 1. Let f be l(-1). Let o = -12 + f. Suppose 3*y = 6*y - 5*j - 22, -o = -2*y + 4*j. What are the prime factors of y?
3
Suppose 13*f = 11*f - 12. Let m = f + 12. Suppose m*p - 358 = 8. What are the prime factors of p?
61
Let l(v) = -v**2 + 7*v - 4. Let h be l(3). Suppose h*a + 1545 = 23*a. Suppose 0*y - 409 = -4*p + y, y = p - a. What are the prime factors of p?
2, 3, 17
Let x be -2*(-2)/(-24) - 133/(-42). Suppose x*s + 2*i - 4*i - 7 = 0, -2*s - i = -14. Suppose 30 = -s*w + 265. List the prime factors of w.
47
Let b(y) = 6*y**3 - 22*y**2 + 37*y + 8. What are the prime factors of b(9)?
7, 419
Let h(j) = -7*j - 19. Let l(d) = 3*d + 10. Let v(b) = 2*h(b) + 5*l(b). Let k be v(6). Suppose -2*n + t + 9 = -15, n = -t + k. List the prime factors of n.
2, 7
Let r(z) = z**3 - 7*z**2 - 8*z + 20. Let f be r(8). Suppose 0 = f*w - 271 - 1189. What are the prime factors of w?
73
Suppose -5*q - 5*h + 23 = -6*q, 5*q - 5*h = -15. Suppose 926 = 2*s - 4*r, 3*r + 415 = -q*s + 1306. What are the prime factors of s?
3, 151
Let f be (50/15)/(2/(-9)). Let l be -1*(0 - -10)/(5/f). Let w = l + -1. What are the prime factors of w?
29
Let l(b) = 203*b**2 + 239*b + 1742. What are the prime factors of l(-7)?
2, 313
Suppose 3417 - 752 = 13*p. Suppose -997 = 4*r - p. Let f = -81 - r. List the prime factors of f.
3, 13
Let p(o) = -o**3 + 8*o**2 + 6. Let g be p(-4). Let d be -71 + 2/(4/(-2)). Let u = d + g. What are the prime factors of u?
2, 3, 7
Let h be 374/(2*(2/(-12) - 0)). Let w = 91 - h. List the prime factors of w.
1213
Let j = 69852 - 8961. List the prime factors of j.
3, 20297
Suppose 5*w + 15*s + 161 = 14*s, -2*w + 2*s - 74 = 0. Let z be 5/3 - 1 - 7832/w. Let j = z - 97. What are the prime factors of j?
3, 47
Let n(o) = -o**3 - 7*o**2 - 8*o - 7. Let m be n(-6). Suppose 3*v - m*v = -p + 148, 0 = -p + 4*v + 140. Let f = 224 - p. List the prime factors of f.
2, 17
Suppose -6 = -2*m, -4*w + 20836 = -2*m - 78750. What are the prime factors of w?
2, 59, 211
Let l = 16439 + -5805. What are the prime factors of l?
2, 13, 409
Suppose -4*i = -12, -57*k - 3*i + 173204 = -52*k. List the prime factors of k.
11, 47, 67
Suppose 8*m - 3*m = -25. Let w be (-7518)/30 - 3/m. Let d = w - -354. What are the prime factors of d?
2, 13
Let z be ((-6)/15 + (-8)/(-20))/(-4). Suppose z = 5*m + 4*b - 670, 5*m + 5*b = 7*m - 301. List the prime factors of m.
2, 3, 23
Let j(a) = 0 + 1 + 17*a - 19*a + 17*a**2. Let q be j(3). Suppose -158 = -4*x + 2*i, 4*i - q = -2*x - 54. List the prime factors of x.
41
Let w(x) = x - 1. Let a(v) = -89*v - 73. Let z(t) = 133*t + 110. Let f(y) = 7*a(y) + 5*z(y). Let k(o) = -f(o) + 5*w(o). What are the prime factors of k(-6)?
2, 89
Let q(p) = -3*p**3 + 28*p**2 - 7. Let i be q(9). Suppose 69*x = i*x - 35. List the prime factors of x.
7
Let y be -1*14/21 + (-4)/(-6). Suppose y = -26*r + 33*r - 1785. What are the prime factors of r?
3, 5, 17
What are the prime factors of -2 + 7 - ((-81602)/(-18))/(10/(-90))?
2, 3, 2267
Suppose -3*n - 2*n = l - 28, -2*l = -n - 111. Let m = -2426 - -2426. Suppose m*u = u - l. List the prime factors of u.
53
Let o = 1270 - -3056. Suppose -3*t + 4102 = 4*d - 228, 4*d - o = -t. List the prime factors of d.
23, 47
List the prime factors of ((-1431)/297 - -5) + (-498936)/(-11).
2, 22679
Suppose 0 = 5*t - 28690 + 455. Suppose 221 = 9*z - t. What are the prime factors of z?
2, 163
Let h = 18318 - 9818. List the prime factors of h.
2, 5, 17
Let d = 18270 - 13073. List the prime factors of d.
5197
Suppose -p = -4*p - 9405. What are the prime factors of p/(-21) + (-4)/14?
149
Suppose 0 = 10*k - 8 - 132. List the prime factors of ((-4)/k + 5955/(-105))*-1.
3, 19
Suppose 0 = -5*n - 5*i + 73295, 215*n - 220*n + 3*i = -73359. What are the prime factors of n?
3, 4889
Let a(o) = -o**2 + 53*o - 54. List the prime factors of a(31).
2, 157
Let g = -306 + 463. Suppose 10*l - g = 1633. Suppose -10*u + l = -9*u. What are the prime factors of u?
179
Let q = -649 + 2320. What are the prime factors of q?
3, 557
Let q(h) = 5*h**2 + 458*h - 161. List the prime factors of q(-117).
2, 7349
Let w(c) = c - 20. Let j be w(13). Let h be (j/((-28)/(-8)))/(-1). Suppose 42 = h*s - 160. What are the prime factors of s?
101
Let u(f) = -f**3 + f**2 - 2*f + 99. Let n be u(0). Let m = 106 - n. Suppose m*w - 2117 = -759. What are the prime factors of w?
2, 97
Suppose -58*u - 129*u = -2466717. What are the prime factors of u?
3, 4397
Suppose 67*z - 15040465 = 13*z - 251*z. What are the prime factors of z?
11, 4483
Let u be (6 - (0 + 3 + 2))/(-1). What are the prime factors of 3 + (u - (-665 + -2))?
3, 223
Let l be 4/(-18) + ((-50008)/(-72))/7. Suppose -3*d + l = -1620. List the prime factors of d.
3, 191
List the prime factors of 322/184 + (308670/8)/3.
19, 677
Suppose 4*l - 14284 = -a, -3*a = -0*l - l + 3584. Suppose -1020 = -8*p + l. List the prime factors of p.
2, 7, 41
Let i(f) = -f**3 + 35*f**2 + 37*f - 52. Let k be i(36). List the prime factors of k + (2 - -12) - 1*-289.
7, 41
Let i = 228 - 223. Suppose 5*f - 950 = i*g, -2*f + 3*g + 376 = 2*g. List the prime factors of f.
2, 3, 31
Let l(w) = w**3 - w - 1. Let u(k) = -7*k**3 - 11*k**2 + 14*k - 29. Suppose -20*p + 17*p = 3. Let q(z) = p*u(z) - 6*l(z). List the prime factors of q(-11).
3, 41
Suppose 4*u = 2*d - 2, -34 = -4*d - u - u. Let w = d + 14. Suppose -4*v - g + w = -0, -5 = -5*v + 3*g. What are the prime factors of v?
2
Let i = 7890 - 2933. List the prime factors of i.
4957
List the prime factors of -8 + (168/(-112) + 8/(-1))*-1402.
3, 17, 29
Suppose -3*w + 1276 - 169 = -5*u, -3*w = -u - 219. Let l = 342 + u. Let o = l - 22. List the prime factors of o.
2, 7
List the prime factors of -4 + (35 - 15) + 59367.
43, 1381
Let z(n) = -4*n**2 - 1299*n - 251. List the prime factors of z(-71).
2, 3, 11969
Suppose 0*m + 164 = 4*m. Suppose -51*q + m*q = -950. What are the prime factors of q?
5, 19
Let x = -108438 - -162163. What are the prime factors of x?
5, 7, 307
List the prime factors of ((-266 - 7) + 5)/(3/(-150)).
2, 5, 67
Let o = -22043 + 31403. List the prime factors of o.
2, 3, 5, 13
Let o(b) = -b**3 + 45*b**2 - 74*b - 24. Let t be o(43). Suppose x - 321 = t. List the prime factors of x.
3, 271
Let k(q) = 1. Let g(m) = 15*m + 10. Let t(c) = g(c) + k(c). Let u be t(7). Suppose 3*i + 7*h = 2*h + 428, -5*h = -i + u. What are the prime factors of i?
2, 17
Let p(x) = -141*x - 14. Let i(s) = -s**3 + 6*s**2 - 3*s + 14. Let a be i(6). List the prime factors of p(a).
2, 5, 11
Let s(u) = u**3 + 2*u**2 + u + 5. Let b be -6 + ((-10)/6 - -2)*12. Let z be s(b). Suppose -z*i - 2637 = -12*i. What are the prime factors of i?
293
Let i(g) = g**3 + 24*g**2 - 7*g + 25. Let p be i(-19). Let w = 2834 - p. What are the prime factors of w?
13, 67
Suppose 2*o = 10*o - 2*o. Suppose 0 = -o*j - 16*j + 4848. Suppose 0 = -2*d - 5*v + j, -2*d = d + 3*v - 477. What are the prime factors of d?
2, 41
Let a be 1*2/(-2) + 3. Suppose 2*z = -z + 9, -4*c - a*z + 14 = 0. Suppose -4*b + 310 = c*f - 76, -4*b = -5*f + 937. What are the prime factors of f?
3, 7
Let a(x) = 18*x - 13. Let c be a(10). Suppose 2*g = 41 + c. Suppose 2*u = f - g, u = f + 4*u - 79. List the prime factors of f.
2, 47
What are the prime factors of (-3275)/(-